{"id":9,"date":"2017-09-11T14:36:48","date_gmt":"2017-09-11T12:36:48","guid":{"rendered":"http:\/\/home.rodenkirchen-live.de\/?page_id=9"},"modified":"2017-09-14T13:42:06","modified_gmt":"2017-09-14T11:42:06","slug":"ueber-mich","status":"publish","type":"page","link":"http:\/\/home.rodenkirchen-live.de\/?page_id=9","title":{"rendered":"\u00dcber mich"},"content":{"rendered":"<p>Ich versuche meine Umwelt mit sch\u00f6nen Musikalischen Erlebnissen zu durchfluten. Ich versuche Veranstaltern dar zu legen, da\u00df mit hochwertiger Musik, die auf das jeweilige Event ausgerichtet ist, eine Menge an positiven Emotionen zu erzeugen ist.<\/p>\n<p>\u00dcber meine eigene Musikalische T\u00e4tigkeiten k\u00f6nnen Sie sich auf meiner Seite <a href=\"http:\/\/WWW.Behrendt-and-Friends.de\">WWW.Behrendt-and-Friends.de<\/a> informieren.<\/p>\n<p>\u00dcber die Events, die ich im Rahmen meiner Ehrenamtlichen T\u00e4tigkeit der Aktionsgemeinschaft Rodenkirchen durchf\u00fchre k\u00f6nnen Sie sich informieren unter : <a href=\"http:\/\/www.treffpunkt-rodenkirchen.de\">www.treffpunkt-rodenkirchen.de<\/a><\/p>\n<p>&nbsp;<\/p>\n","protected":false},"excerpt":{"rendered":"<p>Ich versuche meine Umwelt mit sch\u00f6nen Musikalischen Erlebnissen zu durchfluten. Ich versuche Veranstaltern dar zu legen, da\u00df mit hochwertiger Musik, die auf das jeweilige Event ausgerichtet ist, eine Menge an positiven Emotionen zu erzeugen ist. \u00dcber meine eigene Musikalische T\u00e4tigkeiten k\u00f6nnen Sie sich auf meiner Seite WWW.Behrendt-and-Friends.de informieren. \u00dcber die Events, die ich im Rahmen &hellip; <\/p>\n<p class=\"link-more\"><a href=\"http:\/\/home.rodenkirchen-live.de\/?page_id=9\" class=\"more-link\"><span class=\"screen-reader-text\">\u201e\u00dcber mich\u201c<\/span> weiterlesen<\/a><\/p>\n","protected":false},"author":1,"featured_media":49,"parent":0,"menu_order":0,"comment_status":"closed","ping_status":"closed","template":"","meta":{"footnotes":""},"class_list":["post-9","page","type-page","status-publish","has-post-thumbnail","hentry"],"_links":{"self":[{"href":"http:\/\/home.rodenkirchen-live.de\/index.php?rest_route=\/wp\/v2\/pages\/9","targetHints":{"allow":["GET"]}}],"collection":[{"href":"http:\/\/home.rodenkirchen-live.de\/index.php?rest_route=\/wp\/v2\/pages"}],"about":[{"href":"http:\/\/home.rodenkirchen-live.de\/index.php?rest_route=\/wp\/v2\/types\/page"}],"author":[{"embeddable":true,"href":"http:\/\/home.rodenkirchen-live.de\/index.php?rest_route=\/wp\/v2\/users\/1"}],"replies":[{"embeddable":true,"href":"http:\/\/home.rodenkirchen-live.de\/index.php?rest_route=%2Fwp%2Fv2%2Fcomments&post=9"}],"version-history":[{"count":4,"href":"http:\/\/home.rodenkirchen-live.de\/index.php?rest_route=\/wp\/v2\/pages\/9\/revisions"}],"predecessor-version":[{"id":78,"href":"http:\/\/home.rodenkirchen-live.de\/index.php?rest_route=\/wp\/v2\/pages\/9\/revisions\/78"}],"wp:featuredmedia":[{"embeddable":true,"href":"http:\/\/home.rodenkirchen-live.de\/index.php?rest_route=\/wp\/v2\/media\/49"}],"wp:attachment":[{"href":"http:\/\/home.rodenkirchen-live.de\/index.php?rest_route=%2Fwp%2Fv2%2Fmedia&parent=9"}],"curies":[{"name":"wp","href":"https:\/\/api.w.org\/{rel}","templated":true}]}}