{"id":8,"date":"2017-09-11T14:36:48","date_gmt":"2017-09-11T12:36:48","guid":{"rendered":"http:\/\/home.rodenkirchen-live.de\/?page_id=8"},"modified":"2017-10-13T17:40:54","modified_gmt":"2017-10-13T15:40:54","slug":"startseite","status":"publish","type":"page","link":"http:\/\/home.rodenkirchen-live.de\/","title":{"rendered":"Startseite"},"content":{"rendered":"<p>Willkommen auf meiner Website! Auf dieser Seite k\u00f6nnen alle Eventveranstalter Ihre Veranstaltungen einstellen. Ziel ist es, dem B\u00fcrger des K\u00f6lner S\u00fcdens mitzuteilen, wann es was sch\u00f6nes in Rodenkirchen und Umgebung erleben kann. Alle Angaben ohne Gew\u00e4hr !!!!<\/p>\n<p><img loading=\"lazy\" decoding=\"async\" class=\"alignnone size-full wp-image-74\" src=\"http:\/\/home.rodenkirchen-live.de\/wp-content\/uploads\/2017\/09\/Rodenkirchen-live-1.jpg\" alt=\"\" width=\"564\" height=\"389\" \/><\/p>\n","protected":false},"excerpt":{"rendered":"<p>Willkommen auf meiner Website! Auf dieser Seite k\u00f6nnen alle Eventveranstalter Ihre Veranstaltungen einstellen. Ziel ist es, dem B\u00fcrger des K\u00f6lner S\u00fcdens mitzuteilen, wann es was sch\u00f6nes in Rodenkirchen und Umgebung erleben kann. Alle Angaben ohne Gew\u00e4hr !!!!<\/p>\n","protected":false},"author":1,"featured_media":103,"parent":0,"menu_order":0,"comment_status":"closed","ping_status":"closed","template":"","meta":{"footnotes":""},"class_list":["post-8","page","type-page","status-publish","has-post-thumbnail","hentry"],"_links":{"self":[{"href":"http:\/\/home.rodenkirchen-live.de\/index.php?rest_route=\/wp\/v2\/pages\/8","targetHints":{"allow":["GET"]}}],"collection":[{"href":"http:\/\/home.rodenkirchen-live.de\/index.php?rest_route=\/wp\/v2\/pages"}],"about":[{"href":"http:\/\/home.rodenkirchen-live.de\/index.php?rest_route=\/wp\/v2\/types\/page"}],"author":[{"embeddable":true,"href":"http:\/\/home.rodenkirchen-live.de\/index.php?rest_route=\/wp\/v2\/users\/1"}],"replies":[{"embeddable":true,"href":"http:\/\/home.rodenkirchen-live.de\/index.php?rest_route=%2Fwp%2Fv2%2Fcomments&post=8"}],"version-history":[{"count":6,"href":"http:\/\/home.rodenkirchen-live.de\/index.php?rest_route=\/wp\/v2\/pages\/8\/revisions"}],"predecessor-version":[{"id":75,"href":"http:\/\/home.rodenkirchen-live.de\/index.php?rest_route=\/wp\/v2\/pages\/8\/revisions\/75"}],"wp:featuredmedia":[{"embeddable":true,"href":"http:\/\/home.rodenkirchen-live.de\/index.php?rest_route=\/wp\/v2\/media\/103"}],"wp:attachment":[{"href":"http:\/\/home.rodenkirchen-live.de\/index.php?rest_route=%2Fwp%2Fv2%2Fmedia&parent=8"}],"curies":[{"name":"wp","href":"https:\/\/api.w.org\/{rel}","templated":true}]}}